te number?
False
Is 2486779 a composite number?
True
Is 18254917 prime?
False
Is 746463 a composite number?
True
Is 241609033 a composite number?
True
Is 54956527 prime?
False
Is 18050243 a prime number?
False
Is 46067201 composite?
True
Is 8085197 composite?
False
Is 41250593 composite?
False
Is 324484259 a composite number?
True
Is 375361183 composite?
False
Is 276192373 a composite number?
False
Is 279936761 a composite number?
True
Is 22854311 a composite number?
False
Is 1754359 a prime number?
True
Is 27714251 a prime number?
False
Is 6838343 prime?
True
Is 97400677 a composite number?
True
Is 1085700697 a composite number?
False
Is 27873763 a composite number?
False
Is 7683893 prime?
False
Is 4669043 a prime number?
False
Is 72326443 composite?
True
Is 1447843 a composite number?
False
Is 13402213 a composite number?
True
Is 610913 prime?
True
Is 121936151 prime?
True
Is 667987 a composite number?
False
Is 1937437 a prime number?
True
Is 393524743 a prime number?
True
Is 2182135 composite?
True
Is 2323549 composite?
False
Is 53043017 a prime number?
False
Is 430259 prime?
True
Is 157424654 a composite number?
True
Is 198630017 prime?
False
Is 101634719 a prime number?
True
Is 3508203 a prime number?
False
Is 229594283 prime?
False
Is 406169 a composite number?
False
Is 294064301 prime?
True
Is 1304383 a prime number?
False
Is 1801253 composite?
True
Is 277249 prime?
False
Is 1767743 prime?
False
Is 1756651567 prime?
False
Is 348514 prime?
False
Is 12788785 prime?
False
Is 1117433 a prime number?
True
Is 7905613 prime?
False
Is 6248677 prime?
True
Is 81554163 a composite number?
True
Is 12063803 a composite number?
True
Is 15382439 a prime number?
True
Is 10924171 a prime number?
True
Is 8564467 composite?
False
Is 111981553 prime?
False
Is 10917391 a prime number?
True
Is 500612907 a prime number?
False
Is 189990349 a composite number?
True
Is 858004139 a prime number?
True
Is 85818683 prime?
True
Is 543293 prime?
False
Is 377976457 prime?
False
Is 900927539 composite?
False
Is 511801 a prime number?
True
Is 17803111 composite?
True
Is 9224753 prime?
True
Is 778207 a prime number?
False
Is 622561 prime?
True
Is 377099 a composite number?
False
Is 139664201 a composite number?
False
Is 5107339 composite?
True
Is 4880573 composite?
False
Is 124035029 composite?
True
Is 80030197 a prime number?
False
Is 9843139 a composite number?
False
Is 170603 a prime number?
True
Is 27589123 a composite number?
False
Is 3875909 a composite number?
False
Is 28015115 a composite number?
True
Is 12805673 a prime number?
True
Is 67159967 a composite number?
True
Is 25346401 composite?
False
Is 3214889 composite?
True
Is 1706383 composite?
True
Is 149922569 prime?
True
Is 43019381 a composite number?
False
Is 6788503 composite?
True
Is 82699 a prime number?
True
Is 27033899 prime?
True
Is 939259 prime?
False
Is 5674489 prime?
True
Is 6508301 composite?
False
Is 558367591 prime?
True
Is 13760897 a prime number?
True
Is 134834333 a composite number?
False
Is 63253783 a composite number?
False
Is 5275529 a prime number?
False
Is 425009 composite?
True
Is 182458337 prime?
True
Is 10002521 composite?
False
Is 45790699 a prime number?
True
Is 8307307 a composite number?
False
Is 189388169 a prime number?
False
Is 696929 a composite number?
False
Is 2174479 a composite number?
False
Is 2280547 a composite number?
False
Is 24800407 a prime number?
False
Is 11900417 composite?
False
Is 2837417 composite?
True
Is 83033329 prime?
True
Is 328587029 prime?
False
Is 9305543 a prime number?
False
Is 21180917 a prime number?
True
Is 1596341 prime?
True
Is 13393834 prime?
False
Is 40393739 composite?
False
Is 7093435 composite?
True
Is 118682402 a prime number?
False
Is 76403209 composite?
True
Is 88818857 composite?
True
Is 27738989 composite?
True
Is 12619889 composite?
False
Is 36232993 a composite number?
False
Is 10884917 a composite number?
False
Is 4711387 a composite number?
True
Is 44746439 a prime number?
False
Is 1392431 a prime number?
True
Is 22327051 composite?
False
Is 38864663 composite?
True
Is 10434199 composite?
False
Is 113045033 a composite number?
True
Is 48179581 a prime number?
False
Is 2466187 a prime number?
True
Is 39862543 a composite number?
True
Is 13345063 composite?
False
Is 102112577 prime?
False
Is 34408603 a prime number?
True
Is 1073543 composite?
True
Is 16256885 prime?
False
Is 11464795 composite?
True
Is 370425854 composite?
True
Is 21026563 a composite number?
True
Is 60802867 a prime number?
False
Is 15791 a prime number?
True
Is 4291481 a prime number?
False
Is 45834937 a prime number?
True
Is 317328763 composite?
False
Is 799485757 a prime number?
False
Is 153646039 a composite number?
False
Is 15547607 a prime number?
True
Is 12524741 a prime number?
True
Is 112313699 prime?
True
Is 219167021 a prime number?
False
Is 6318461 a prime number?
False
Is 321007 composite?
False
Is 1598839 a prime number?
False
Is 232724249 a prime number?
True
Is 6823 composite?
False
Is 107505163 prime?
False
Is 39229171 a composite number?
False
Is 44670947 prime?
False
Is 5137141 a composite number?
False
Is 4191757 prime?
True
Is 32079381 composite?
True
Is 35735387 a prime number?
False
Is 434683 a composite number?
False
Is 1475911 prime?
True
Is 8940083 a composite number?
False
Is 7850443 a prime number?
True
Is 15349511 prime?
False
Is 39746827 prime?
False
Is 25004806 a composite number?
True
Is 150761119 composite?
False
Is 451177 prime?
True
Is 13364869 a prime number?
False
Is 447519 composite?
True
Is 527971 composite?
True
Is 22424161 prime?
False
Is 11335474 composite?
True
Is 130994249 a composite number?
False
Is 470347 a prime number?
True
Is 654767 a composite number?
False
Is 10464131 a composite number?
True
Is 54559 a prime number?
True
Is 163442147 a prime number?
False
Is 15374981 a prime number?
True
Is 17883701 prime?
False
Is 178883801 a prime number?
True
Is 7742479 composite?
True
Is 11021711 a prime number?
False
Is 1870147817 composite?
False
Is 1405157 a composite number?
True
Is 171025649 a composite number?
False
Is 473570501 a composite number?
False
Is 103935047 a prime number?
True
Is 3486005 a composite number?
True
Is 818659 a composite number?
False
Is 23290811 prime?
True
Is 94252343 a composite number?
True
Is 16449929 prime?
False
Is 3725687 composite?
True
Is 4349401 composite?
True
Is 29634493 a prime number?
False
Is 15813799 a prime number?
False
Is 166723 composite?
False
Is 320443 a composite number?
True
Is 220428347 prime?
False
Is 397539377 a composite number?
False
Is 2253211 a prime number?
False
Is 2152063 a prime number?
True
Is 16137619 a composite number?
True
Is 1120921 a composite number?
True
Is 30188881 a composite number?
True
Is 922514 a composite number?
True
Is 3238651 prime?
False
Is 36761 a prime number?
True
Is 1053149 a composite number?
True
Is 4711033 a composite number?
False
Is 5349819 a composite number?
True
Is 50275537 a composite number?
True
Is 10428167 prime?
True
Is 621047 a prime number?
False
Is 2941591 a prime number?
False
Is 3669917 a composite number?
True
Is 17047411 prime?
False
Is 366245959 a composite number?
True
Is 4249838 composite?
True
Is 23402077 a composite number?
True
Is 32221523 prime?
False
Is 9009563 a prime number?
False
Is 15677809 composite?
True
Is 60504637 composite?
False
Is 232565009 a composite number?
False
Is 25935571 a composite number?
True
Is 67555133 a prime number?
True
Is 28589474 prime?
False
Is 10152034 a prime number?
False
Is 151574273 a prime number?
False
Is 294778261 a composite number?
False
Is 13349443 a composite number?
False
Is 105499751 a composite number?
True
Is 4417685 a prime number?
False
Is 5170553 a prime number?
True
Is 4681337 composite?
False
Is 7139897 a prime number?
True
Is 253171573 prime?
False
Is 2986103 a composite number?
False
Is 95066581 a composite number?
False
Is 57814457 prime?
False
Is 1197173 composite?
True
Is 16713289 a prime number?
False
Is 90757 composite?
True
Is 1013179 a composite number?
True
Is 456223 prime?
True
Is 79295779 prime?
True
Is 1573029349 prime?
True
Is 63324199 composite?
False
Is 172476289 a prime number?
True
Is 5210563 prime?
True
Is 871849 a composite number?
True
